t is -677a9 (base 12) in base 13?
-4a865
What is -76cd3 (base 14) in base 2?
-1000110010010101001
Convert -2437334 (base 8) to base 6.
-22220324
-9635940 (base 11) to base 13
-368b734
210254 (base 7) to base 3
1211120222
-681d66 (base 14) to base 7
-42041456
-19426a8 (base 11) to base 16
-321892
-468672 (base 13) to base 11
-a44689
-2c0877 (base 14) to base 5
-343211223
7bba8 (base 13) to base 11
144958
What is -220013022 (base 4) in base 5?
-20224143
-c66a4 (base 16) to base 10
-812708
Convert -11101010011110101 (base 2) to base 15.
-25888
Convert -421210 (base 9) to base 8.
-750552
-15929c (base 13) to base 12
-219282
-4115624 (base 11) to base 12
-2526967
-121203220 (base 4) to base 13
-38854
What is -14052510 (base 6) in base 8?
-1635072
422441 (base 6) to base 12
17a21
Convert -1254221 (base 6) to base 4.
-101000011
211063 (base 9) to base 3
20101002010
2de1c (base 16) to base 9
315713
What is -1022221230 (base 4) in base 9?
-515386
What is 112445 (base 6) in base 4?
2113031
Convert -102530145 (base 6) to base 16.
-1bb4d1
What is -7595235 (base 10) in base 8?
-34762343
4021141202 (base 5) to base 8
36365641
Convert -7b854 (base 14) to base 16.
-496c2
Convert -3d71a (base 14) to base 4.
-211023330
1505055 (base 7) to base 2
110001101010101111
Convert -124922 (base 13) to base 12.
-191aa8
What is 1176560 (base 9) in base 12?
26b116
-1a4627 (base 13) to base 10
-666738
Convert 43a77 (base 13) to base 2.
11101111011111111
191678 (base 11) to base 13
a4345
What is 33435301 (base 7) in base 13?
7a6bcc
What is 3213233100 (base 4) in base 16?
e7bd0
Convert -653323 (base 7) to base 13.
-3cba4
-6616034 (base 9) to base 16
-363a72
-301111310 (base 4) to base 15
-3ed35
What is 22202310 (base 4) in base 7?
236625
-274242 (base 8) to base 5
-11041133
Convert -1010315 (base 7) to base 2.
-11101010110010001
What is -610504 (base 8) in base 3?
-101012202111
Convert -1628 (base 15) to base 2.
-1001010011011
-201215 (base 7) to base 3
-1201201202
-2323344 (base 7) to base 15
-5b689
Convert 671b9 (base 13) to base 10.
187066
Convert -103101210 (base 4) to base 16.
-13464
Convert 1544620 (base 8) to base 2.
1101100100110010000
-312344 (base 11) to base 13
-146c93
-4013365 (base 9) to base 6
-113431222
What is -100001111111001010101 (base 2) in base 12?
-4585b1
Convert -11033000313 (base 4) to base 6.
-45224503
What is -31583528 (base 9) in base 15?
-150cbee
Convert -196547 (base 16) to base 5.
-411224302
Convert 17483203 (base 9) to base 8.
41427754
Convert 1126304 (base 7) to base 8.
424233
What is 909762 (base 10) in base 5?
213103022
-1126b (base 12) to base 11
-1617a
Convert 230020243 (base 5) to base 12.
410618
-14623133 (base 8) to base 4
-30302121123
Convert 434254113 (base 6) to base 8.
35503435
Convert 38439d (base 14) to base 7.
22266056
What is -100101000101 (base 2) in base 13?
-1107
Convert -2280881 (base 10) to base 9.
-4255702
What is -76425 (base 9) in base 8?
-142730
Convert -1223214200 (base 5) to base 15.
-3d2885
Convert -1101000000110101101000 (base 2) to base 10.
-3411304
-78531 (base 10) to base 4
-103023003
Convert -433232024 (base 5) to base 16.
-1c42eb
510389 (base 10) to base 15
a135e
What is -1110110110000011 (base 2) in base 15?
-13038
What is -12000000220 (base 3) in base 15?
-1e279
-2112200323 (base 4) to base 10
-616507
What is -24c684 (base 14) in base 10?
-1263532
-32 (base 6) to base 8
-24
What is -44720332 (base 8) in base 7?
-145143624
What is -2f2250 (base 16) in base 14?
-5a5a12
Convert 533b3 (base 12) to base 10.
109431
-7301351 (base 8) to base 10
-1934057
Convert 1102222121012 (base 3) to base 16.
bb571
-5331502 (base 6) to base 7
-2134424
What is 12212104 (base 5) in base 8?
343461
Convert 1974d (base 15) to base 10.
82648
What is -87bca3 (base 14) in base 11?
-2665211
What is -311013222330 (base 4) in base 7?
-226234551
What is -44b962 (base 15) in base 9?
-6147242
What is 3704308 (base 10) in base 2?
1110001000010111110100
215525 (base 7) to base 4
21101222
Convert -4452a (base 11) to base 4.
-33300031
Convert -600402 (base 11) to base 16.
-ec088
334a32 (base 11) to base 3
1000010000122
What is -3225404 (base 8) in base 4?
-3102230010
Convert -311022212 (base 4) to base 8.
-651246
Convert -b38a (base 16) to base 2.
-1011001110001010
-24eee (base 15) to base 16
-1cd6c
Convert -4024376 (base 11) to base 2.
-11011001010100110010000
100123320 (base 4) to base 13
24846
What is 2211123101 (base 5) in base 4?
102100131222
What is 2042012 (base 6) in base 11?
68372
What is -129 (base 15) in base 2?
-100001000
Convert -122120011 (base 4) to base 10.
-108037
218a23a (base 11) to base 16
3a8410
-1216a6 (base 11) to base 6
-4043122
What is -1110011100011000100000 (base 2) in base 10?
-3786272
Convert -223061 (base 11) to base 3.
-200001120121
Convert -32890c (base 15) to base 3.
-11112100201110
Convert -8ac89a (base 13) to base 3.
-20011211112010
Convert -5765b (base 13) to base 9.
-262431
10444132 (base 5) to base 4
112313203
Convert -10000111101001001 (base 2) to base 7.
-406322
Convert -10100100010000011101000 (base 2) to base 4.
-110202003220
Convert 243243020 (base 5) to base 10.
1149760
What is 1202324143 (base 5) in base 6?
135303314
Convert -1492804 (base 10) to base 7.
-15455125
-13355460 (base 8) to base 9
-5580356
What is 52179 (base 10) in base 9?
78516
What is 6614411 (base 10) in base 9?
13401235
-4a08a64 (base 11) to base 14
-1229a0a
47434127 (base 8) to base 13
21c088c
What is 93163 (base 10) in base 16?
16beb
What is 1101111000111000 (base 2) in base 14?
16a36
Convert -1328504 (base 10) to base 3.
-2111111100212
What is 10221331320 (base 4) in base 15?
19194c
Convert 42a08 (base 11) to base 6.
1201032
2611662 (base 9) to base 8
5337160
Convert 10331143 (base 5) to base 4.
111313030
What is 68344 (base 10) in base 7?
403153
Convert -1431877 (base 10) to base 2.
-101011101100101000101
What is -aa89b3 (base 15) in base 9?
-16260136
Convert 4521b0 (base 12) to base 16.
10d394
Convert 7437691 (base 11) to base 13.
2938407
What is -42512525 (base 6) in base 2?
-100110010000111100101
Convert 2154516 (base 7) to base 8.
1007014
Convert -24603171 (base 9) to base 13.
-265acb6
530132 (base 9) to base 13
b0519
Convert 10001010001100110011 (base 2) to base 6.
20044403
-10200202212120 (base 3) to base 8
-7373471
What is -11000111000101001110110 (base 2) in base 13?
-1475386
-102221112200212 (base 3) to base 15
-85612b
-6416262 (base 7) to base 15
-105683
Convert -2221121 (base 4) to base 6.
-122105
-158866 (base 9) to base 15
-1e249
What is -102842 (base 11) in base 6?
-3310343
-10221321 (base 5) to base 2
-10100111101001100
Convert 261902 (base 10) to base 14.
6b634
What is -31460520 (base 7) in base 2?
-1010001011111001011011
Convert 111210121202 (base 3) to base 12.
111248
What is 13297b (base 12) in base 5?
40102022
-3ab623 (base 14) to base 7
-23150343
Convert 16166 (base 15) to base 10.
71196
Convert -3001241 (base 6) to base 11.
-96439
-72628 (base 10) to base 12
-36044
-1a597d (base 15) to base 7
-13630213
-5e953 (base 16) to base 15
-79bc6
-5677327 (base 8) to base 9
-2806177
Convert -11002222130 (base 4) to base 10.
-1321628
What is 407770 (base 9) in base 10?
241929
Convert 462462 (base 9) to base 7.
2233514
Convert 1410ba (base 14) to base 13.
1b40b1
1133034 (base 8) to base 9
520481
What is -574881 (base 11) in base 5?
-213222443
-17b75 (base 13) to base 4
-23031013
What is -c13345 (base 13) in base 2?
-10001001000011111100000
-10001122122122 (base 3) to base 8
-6151373
9a5b (base 16) to base 13
14ca8
530464 (base 7) to base 5
10411410
Convert 1313220102 (base 4) to base 6.
14300310
Convert 4885c3 (base 16) to base 15.
63d3aa
Convert -318a4 (base 13) to base 9.
-145525
-c1b5b (base 13) to base 14
-905a0
Convert -2533230 (base 6) to base 9.
-227610
-150353121 (base 6) to base 8
-13671651
618a3 (base 11) to base 2
10110000010010010
988c3 (base 16) to base 13
18b533
Convert 1503002 (base 6) to base 14.
235a2
What is -251778 (base 10) in base 8?
-753602
What is -3312001132 (base 4) in base 2?
-11110110000001011110
What is -123113402 (base 5) in base 12?
-24a075
-194432 (base 11) to base 3
-120011200121
Convert 27c3b (base 14) to base 8.
300215
89c976 (base 15) to base 11
378a652
What is -c5a3c7 (base 15) in ba